 23546?
3
What is the thousands digit of 15704?
5
What is the hundreds digit of 11555?
5
What is the units digit of 31336?
6
What is the tens digit of 21774?
7
What is the hundreds digit of 27006?
0
What is the units digit of 4094?
4
What is the hundreds digit of 100?
1
What is the units digit of 13500?
0
What is the thousands digit of 2533?
2
What is the tens digit of 3523?
2
What is the hundreds digit of 1058?
0
What is the units digit of 153653?
3
What is the ten thousands digit of 97379?
9
What is the hundreds digit of 3347?
3
What is the units digit of 24520?
0
What is the ten thousands digit of 126137?
2
What is the tens digit of 33346?
4
What is the thousands digit of 3377?
3
What is the thousands digit of 2878?
2
What is the thousands digit of 5995?
5
What is the units digit of 1016?
6
What is the hundreds digit of 8164?
1
What is the units digit of 7210?
0
What is the hundreds digit of 4007?
0
What is the hundreds digit of 25323?
3
What is the ten thousands digit of 16241?
1
What is the tens digit of 493?
9
What is the tens digit of 10652?
5
What is the units digit of 1147?
7
What is the hundreds digit of 19785?
7
What is the units digit of 31667?
7
What is the tens digit of 836?
3
What is the tens digit of 1778?
7
What is the tens digit of 704?
0
What is the thousands digit of 6355?
6
What is the units digit of 1397?
7
What is the thousands digit of 1782?
1
What is the units digit of 26432?
2
What is the tens digit of 522?
2
What is the hundreds digit of 626?
6
What is the units digit of 2813?
3
What is the tens digit of 28?
2
What is the hundreds digit of 2454?
4
What is the hundreds digit of 12065?
0
What is the thousands digit of 5026?
5
What is the tens digit of 5357?
5
What is the tens digit of 29355?
5
What is the ten thousands digit of 12583?
1
What is the units digit of 11778?
8
What is the thousands digit of 2632?
2
What is the tens digit of 3405?
0
What is the tens digit of 3459?
5
What is the tens digit of 7619?
1
What is the units digit of 8255?
5
What is the units digit of 2255?
5
What is the tens digit of 7112?
1
What is the units digit of 627?
7
What is the thousands digit of 26286?
6
What is the units digit of 121621?
1
What is the tens digit of 2887?
8
What is the units digit of 54?
4
What is the ten thousands digit of 15636?
1
What is the tens digit of 503?
0
What is the units digit of 2861?
1
What is the hundreds digit of 660?
6
What is the units digit of 80630?
0
What is the thousands digit of 30242?
0
What is the units digit of 87167?
7
What is the hundreds digit of 5217?
2
What is the units digit of 42232?
2
What is the hundreds digit of 635?
6
What is the tens digit of 17956?
5
What is the units digit of 6447?
7
What is the thousands digit of 92764?
2
What is the hundreds digit of 10865?
8
What is the hundreds digit of 1455?
4
What is the units digit of 353?
3
What is the hundreds digit of 51971?
9
What is the hundreds digit of 8273?
2
What is the units digit of 991?
1
What is the tens digit of 25328?
2
What is the tens digit of 739?
3
What is the tens digit of 27?
2
What is the thousands digit of 13649?
3
What is the units digit of 6504?
4
What is the units digit of 14352?
2
What is the units digit of 7667?
7
What is the units digit of 36174?
4
What is the thousands digit of 4340?
4
What is the units digit of 3386?
6
What is the units digit of 106860?
0
What is the thousands digit of 53816?
3
What is the hundreds digit of 5395?
3
What is the hundreds digit of 1197?
1
What is the hundreds digit of 22378?
3
What is the thousands digit of 107661?
7
What is the hundreds digit of 2553?
5
What is the thousands digit of 1955?
1
What is the tens digit of 42?
4
What is the hundreds digit of 682?
6
What is the hundreds digit of 740?
7
What is the units digit of 2246?
6
What is the hundreds digit of 3672?
6
What is the tens digit of 36?
3
What is the units digit of 12843?
3
What is the tens digit of 10899?
9
What is the units digit of 28197?
7
What is the units digit of 684?
4
What is the units digit of 797?
7
What is the units digit of 2635?
5
What is the hundreds digit of 3960?
9
What is the hundreds digit of 812?
8
What is the tens digit of 425?
2
What is the ten thousands digit of 13619?
1
What is the units digit of 2561?
1
What is the thousands digit of 24363?
4
What is the tens digit of 7160?
6
What is the hundreds digit of 1122?
1
What is the tens digit of 8395?
9
What is the units digit of 18?
8
What is the hundreds digit of 661?
6
What is the hundreds digit of 74201?
2
What is the ten thousands digit of 30150?
3
What is the hundreds digit of 405?
4
What is the thousands digit of 4983?
4
What is the tens digit of 14051?
5
What is the units digit of 808?
8
What is the ten thousands digit of 90006?
9
What is the hundreds digit of 32154?
1
What is the tens digit of 2714?
1
What is the units digit of 31227?
7
What is the ten thousands digit of 24094?
2
What is the thousands digit of 2383?
2
What is the tens digit of 989?
8
What is the hundreds digit of 1092?
0
What is the thousands digit of 60523?
0
What is the thousands digit of 5512?
5
What is the units digit of 62?
2
What is the ten thousands digit of 89599?
8
What is the units digit of 69845?
5
What is the hundreds digit of 11618?
6
What is the tens digit of 134894?
9
What is the units digit of 878?
8
What is the thousands digit of 16245?
6
What is the units digit of 958?
8
What is the units digit of 3412?
2
What is the tens digit of 2115?
1
What is the tens digit of 3262?
6
What is the units digit of 1354?
4
What is the tens digit of 597?
9
What is the thousands digit of 24369?
4
What is the thousands digit of 43205?
3
What is the tens digit of 45988?
8
What is the thousands digit of 24374?
4
What is the thousands digit of 1065?
1
What is the hundreds digit of 564?
5
What is the thousands digit of 137281?
7
What is the ten thousands digit of 15237?
1
What is the ten thousands digit of 10398?
1
What is the hundreds digit of 1145?
1
What is the hundreds digit of 28061?
0
What is the ten thousands digit of 21230?
2
What is the units digit of 7418?
8
What is the tens digit of 43258?
5
What is the hundreds digit of 1159?
1
What is the units digit of 15360?
0
What is the hundreds digit of 70153?
1
What is the tens digit of 144854?
5
What is the thousands digit of 7756?
7
What is the thousands digit of 2449?
2
What is the thousands digit of 137443?
7
What is the thousands digit of 1910?
1
What is the units digit of 4554?
4
What is the thousands digit of 60220?
0
What is the tens digit of 1000?
0
What is the units digit of 1428?
8
What is the units digit of 534?
4
What is the tens digit of 9960?
6
What is the thousands digit of 12050?
2
What is the units digit of 10389?
9
What is the tens digit of 2184?
8
What is the tens digit of 650?
5
What is the tens digit of 14353?
5
What is the units digit of 4614?
4
What is the thousands digit of 62906?
2
What is the tens digit of 1320?
2
What is the tens digit of 6371?
7
What is the units digit of 2082?
2
What is the hundreds digit of 7269?
2
What is the tens digit of 51978?
7
What is the hundreds digit of 4879?
8
What is the hundreds digit of 9017?
0
What is the units digit of 5356?
6
What is the hundreds digit of 907?
9
What is the thousands digit of 8665?
8
What is the tens digit of 91784?
8
What is the units digit of 909?
9
What is the tens digit of 611?
1
What is the hundreds digit of 2337?
3
What is the thousands digit of 9710?
9
What is the hundreds digit of 27793?
7
What is the units digit of 4305?
5
What is the thousands digit of 23903?
3
What is the thousands digit of 29931?
9
What is the tens digit of 12684?
8
What is the thousands digit of 79783?
9
What is the tens digit of 452?
5
What is the hundreds digit of 2885?
8
What is the tens digit of 3295?
9
What is the thousands digit of 2374?
2
What is the hundreds digit of 1302?
3
What is the ten thousands digit of 20809?
2
What is the ten thousands digit of 49539?
4
What is the tens digit of 72238?
3
What is the hundreds digit of 4627?
6
What is the tens digit of 1249?
4
What is the units digit of 1001?
1
What is the ten thousands digit of 42822?
4
What is the units digit of 12919?
9
What is the hundreds digit of 143?
1
What is the tens digit of 59263?
6
What is th